ppose -z + 3 = -f. Is z a composite number?
False
Let o(j) = -21*j**2 - j. Let q be o(10). Let c = 14 + -22. Is 21/(-28) + q/c prime?
True
Let j be (56/3)/8*3. Suppose -j*r + 10599 = 2801. Is r a prime number?
False
Let y be (-2)/(-13) - (-1197)/(-91). Let j = 17 + y. Suppose 6*x + 138 = c + x, -j*x - 270 = -2*c. Is c prime?
False
Let x = -2 - -4. Let m = 453 - 1079. Is m/(-18) - x/(-9) prime?
False
Suppose -16 = -g - l - 3*l, -4*g - 4*l = -28. Let z = g - -4. Is z/16 + 101/2 prime?
False
Suppose -3*t = -5*h - 33884, -2*h + 0*h = 5*t - 56525. Is t prime?
False
Let v be (-30)/9*(-6)/5. Suppose -2*z - s = -20, -s + 37 = 3*z + v*s. Suppose -3*x + z*x = 6846. Is x prime?
False
Let j be 104/(-12)*(-9)/6. Let r = j + 7. Let g = 41 - r. Is g composite?
True
Is -263*(-8 - 0) - 3/1 composite?
True
Suppose 2*o - 2 = 3*o. Let c be (-2)/(o - (-32)/20). Suppose -79 + 14 = -c*s. Is s a prime number?
True
Let s(d) = 26*d**2 + 6*d + 3. Let p(y) = -2*y + 14. Let g be 9 - (-4 - (3 + -7)). Let q be p(g). Is s(q) prime?
False
Suppose -2*j + 3 = j. Let w = 2 + j. Suppose 0 = -3*d - 6, 724 = -f + w*f + 5*d. Is f a composite number?
False
Suppose 12540 = -7*s + 43319. Is s composite?
False
Let m(q) = -2*q + q + 22*q**2 - 13*q**2 - 3 + 0. Is m(2) a prime number?
True
Suppose -z = 5*n + z - 56, -3*z = -4*n + 31. Is (n/5)/((-6)/(-1119)) a composite number?
False
Let v(m) = -475*m + 10. Let j be v(-3). Let g = j + -801. Is g prime?
False
Let v = -186 - -410. Let a(k) = k - 105. Let t be a(0). Let n = v + t. Is n a composite number?
True
Suppose -i - 4 = -2*s - 3*i, -i + 4 = 3*s. Let q(y) = 51*y**2 + y + 1. Is q(s) composite?
False
Let k(c) = 58*c**3 - 5*c**2 - c + 11. Let r be (-1)/((10/(-3) + 3)*1). Is k(r) a prime number?
False
Let q = 10 + -7. Let o be q/((-1 - 2)/6). Is (-9)/27 - 344/o prime?
False
Let v = -8500 - -12615. Is v prime?
False
Let m(n) = -78*n + 19 + 18 - 32. Is m(-2) prime?
False
Suppose -s + 0 = -u + 9, -u + 3*s + 19 = 0. Suppose -4*x + 844 = 4*w - 6*x, -u*w = -5*x - 856. Is w a prime number?
False
Is -75598*8/64*(-16)/4 prime?
True
Let b(h) = -h**2 + 2. Let c be b(0). Suppose 0 = -c*x + 579 + 1235. Is x composite?
False
Let s(u) = -1979*u + 27. Is s(-6) a composite number?
True
Let k = -2 + 7. Suppose -a + 5*m - 4*m - 15 = 0, -2*m + 84 = -k*a. Let v = 95 + a. Is v a prime number?
False
Suppose -95*o = -99*o + 3*s + 11237, -14040 = -5*o + 5*s. Is o a composite number?
True
Let w be (-6)/(-8)*(-88)/(-33). Suppose -t = -w*t + 2707. Is t prime?
True
Let f(r) = -168*r - 19. Is f(-3) composite?
True
Suppose -425 = 3*x - 8*x. Suppose 12 - x = l. Let y = l + 128. Is y a prime number?
False
Let l(i) be the first derivative of -2 - 2*i + 1/2*i**2 + 1/4*i**4 - i**3. Is l(5) a prime number?
True
Let g = -91 + 94. Suppose g*r = -4*m + 2240 + 1264, 3512 = 4*m + r. Is m a composite number?
True
Suppose 5*p = -20, -5*p = -5*q + 21524 + 36511. Is q prime?
False
Let i = -10075 - -19568. Is i composite?
True
Let d(l) = -114*l - 623. Is d(-40) composite?
True
Let c(w) = w**3 - w**2 - 2*w + 3. Let k be c(2). Suppose k*r = -r - 4*m + 2564, 2*m = 5*r - 3205. Is r a composite number?
False
Let p = -38395 - -71876. Is p prime?
False
Suppose -4*z + 8*z = -24. Let l(a) be the third derivative of a**6/120 + 2*a**5/15 - a**4/4 - 5*a**3/6 - a**2. Is l(z) a composite number?
False
Let z be (5 + -2)*-61*(1 + -2). Suppose z = -11*u + 2141. Is u a prime number?
False
Is -1*118*2/(-8)*22 prime?
False
Suppose 5*q - 13707 = 2*r, q - 2745 = r + 3*r. Is q prime?
True
Suppose 2*g + 1 = 7. Suppose -y = g*y - 40. Is y prime?
False
Suppose 17*k = -0*k + 3043. Is k prime?
True
Let o = 6405 + -3454. Is o a composite number?
True
Let d(z) = -52*z**2 - 2*z. Suppose -v - 9 = 2*v - 5*y, -4*v - 7 = -5*y. Let c be d(v). Let g = -85 - c. Is g composite?
False
Let z(b) = 183*b**3 + 3*b**2 - 5*b + 6. Let k(s) = s**2 - s + 1. Let p(f) = 5*k(f) - z(f). Is p(-2) a composite number?
False
Suppose 0 = -3*m + 10*m - 11662. Let q = 3549 - m. Is q a composite number?
True
Suppose -5*q = -4*d + 20842, -3*d - 4*q = -5814 - 9833. Is d prime?
False
Let a(c) = 2*c**3 + 6*c**2 - 7*c - 10. Suppose 11*f = 7*f + 28. Is a(f) a composite number?
True
Let g(f) = -f + 1. Let t be g(-17). Suppose 14*i - t*i - 4*n + 1524 = 0, -3*i + 3*n + 1143 = 0. Is i a prime number?
False
Let z = -7994 + 15387. Is z a prime number?
True
Let w(u) = 2*u**2 + 29*u + 23. Let y be w(-20). Suppose -q + 1016 = -y. Is q a composite number?
False
Let t be 1/(3/(-48)*-4). Suppose 5*o = i - 2*i - 88, -o = -t*i + 5. Let p = o + 31. Is p a composite number?
True
Suppose 5*l - 33084 = -13*l. Is l prime?
False
Suppose 13806 - 1771 = 5*b. Let p = b - 1538. Is p prime?
False
Suppose 3*v - v = -5052. Let y = 3568 + v. Is y composite?
True
Let x(n) = 3*n - 8. Let q be x(4). Let m(b) = 63*b**3 - 10*b**3 - 1 + 3*b + b**2 - q*b**3. Is m(2) composite?
False
Suppose -2*l + 1064 + 438 = 0. Is l a composite number?
False
Suppose -2*j - 341 = 3*o, o + 24 + 85 = -3*j. Is o*(8/20 - 1) a composite number?
True
Let q(g) = 205*g**2 - 28*g - 8. Is q(21) a prime number?
True
Let n(p) = 7*p**3 + 3*p**2 + 2*p - 1. Suppose 0 = 2*o + 2*x - 5*x - 37, -1 = x. Let k = o - 14. Is n(k) prime?
False
Let p be (-16077)/(-18) + (-1)/6. Let i = -562 + p. Is i a prime number?
True
Let v be 40*(-2)/((-4)/5). Suppose 2*s - v = -2*r, -3*s - 2*r = -171 + 16. Let b = 117 - s. Is b a prime number?
False
Suppose -4*r + 2*k - 4 = 0, -2*r - 2*k = -r + 6. Suppose 4*v - 7*v = 5*u - 18, -4*v - 4*u = -16. Is 199 - (r/v + 2) a composite number?
False
Suppose 0 = -3*s, -2*y - 3*y + 5*s - 5 = 0. Let p be (-16)/(-6) - y/3. Suppose 30 = 3*r - 6*j + 3*j, -2*j + 55 = p*r. Is r prime?
False
Let o = 188 + -191. Let y(p) = p**2 + 8*p - 1. Let s(n) = -9*n + 2. Let z(i) = 5*s(i) + 6*y(i). Is z(o) a prime number?
False
Let d = 1 - 7021. Let g = -4441 - d. Is g a composite number?
False
Let w = 2069 - 1390. Is w prime?
False
Let v(f) = f**2 + 581. Let r(y) = y**2 + 4*y. Let k be r(-4). Is v(k) composite?
True
Suppose -i + 2 = 3*v + 7, 0 = -4*i + 4*v + 60. Let g(u) = 2*u - 20. Let a be g(i). Suppose -44 = -5*c + 3*n - 5*n, a = 5*c + n - 47. Is c a composite number?
True
Let p(h) = -197*h - 2. Let q(w) be the second derivative of -w**3/6 - 10*w. Let z(m) = -p(m) - 6*q(m). Is z(1) a prime number?
False
Let p(h) = -4*h**2 - 5*h - 26. Let g(v) = -v**2 + 1. Let b(u) = g(u) - p(u). Is b(-8) composite?
False
Let v be -80*((-92)/(-20) + -3). Let z = v - -253. Suppose -930 = -5*s + z. Is s a composite number?
False
Suppose -70 = -11*h + 2537. Let m = 242 + h. Is m composite?
False
Let l(p) = 34*p**2 - 77*p + 37. Is l(14) a composite number?
False
Suppose 0 = 41*a - 46*a + 58285. Is a a prime number?
True
Suppose 167*g - 168*g + 5509 = 0. Is g composite?
True
Let j = 51 + 77. Suppose -272 = -4*d + 2*c, 5*d + 3*c = 3*d + j. Is d a prime number?
True
Let q(j) = 2373*j - 146. Is q(21) prime?
False
Let n(r) = r + 11. Let k be n(0). Suppose 5*w - k = -1. Suppose -4*l + 4*d + 1048 = 0, -4*l - d = -w*l - 509. Is l a prime number?
True
Let j be (-4 - 1)*3/(-9)*3. Suppose -r = 2*a - 2*r - 690, -4*a - j*r + 1408 = 0. Is a composite?
False
Let v(h) = 13*h + 46. Let d be v(13). Let l be (-158)/(-8) - 1/(-4). Let t = d + l. Is t composite?
True
Let y = 45 - 45. Suppose -4*x + 11932 = -y*x. Is x composite?
True
Let d(x) = x**3 - 4*x**2 - 21*x. Let s be d(7). Suppose 2*h - 39 - 607 = s. Is h a composite number?
True
Let o(c) = c**3 + 4*c**2 + 2*c - 1. Let r be o(-2). Suppose -r*p - 2937 = -6*p. Is p a composite number?
True
Let i(c) = -c - 20. Let u be i(0). Is ((-3)/5)/(u/200) composite?
True
Let u = 19 + -3. Let h = u + 90. Is h composite?
True
Let a = -16629 - -24568. Is a a prime number?
False
Let f = -2179 - -4572. Let b = -702 + f. Is b prime?
False
Let g(z) be the second derivative of 0 + 11/2*z**2 - 5*z**3 + 2*z. Is g(-6) composite?
False
Let q(c) be the second derivative of c**6/360 - 7*c**5/60 + c**4/4 + 7*c**3/6 - 10*c. Let y(w) be the second derivative of q(w). Is y(17) prime?
False
Let k(o) = -8*o**3 + 2*o**2 + 3*o + 1. Is k(-8) a prime number?
True
Suppose 0*u = 5*u. Let c(b) = -b**3 + b**2 - 588. Let n be c(u). Is 1 + (-5)/(10/n) a prime number?
False
Let d(g) = -g**3 - 6*g**2 - 6*g - 2. Let m be d(-5). Is (-34 - m)*(-2